2270.
2, 5, 227
List the prime factors of 75107.
19, 59, 67
What are the prime factors of 5848?
2, 17, 43
List the prime factors of 16031.
17, 23, 41
List the prime factors of 66760.
2, 5, 1669
List the prime factors of 79031.
79031
List the prime factors of 5992.
2, 7, 107
What are the prime factors of 87820?
2, 5, 4391
List the prime factors of 3452.
2, 863
What are the prime factors of 40846?
2, 13, 1571
What are the prime factors of 7797?
3, 23, 113
What are the prime factors of 76004?
2, 19001
What are the prime factors of 3097?
19, 163
List the prime factors of 19924.
2, 17, 293
List the prime factors of 129.
3, 43
List the prime factors of 12323.
12323
What are the prime factors of 11053?
7, 1579
What are the prime factors of 11414?
2, 13, 439
What are the prime factors of 391?
17, 23
List the prime factors of 2283.
3, 761
What are the prime factors of 20814?
2, 3, 3469
List the prime factors of 2421.
3, 269
List the prime factors of 527.
17, 31
List the prime factors of 62603.
62603
What are the prime factors of 85513?
85513
List the prime factors of 1387.
19, 73
List the prime factors of 56991.
3, 11, 157
What are the prime factors of 5968?
2, 373
What are the prime factors of 9577?
61, 157
What are the prime factors of 1436?
2, 359
What are the prime factors of 7507?
7507
List the prime factors of 8803.
8803
List the prime factors of 6188.
2, 7, 13, 17
List the prime factors of 2758.
2, 7, 197
What are the prime factors of 306?
2, 3, 17
List the prime factors of 4966.
2, 13, 191
What are the prime factors of 78331?
11, 7121
What are the prime factors of 3092?
2, 773
List the prime factors of 160912.
2, 89, 113
List the prime factors of 70595.
5, 7, 2017
What are the prime factors of 489?
3, 163
List the prime factors of 15721.
79, 199
What are the prime factors of 3038?
2, 7, 31
List the prime factors of 84724.
2, 59, 359
What are the prime factors of 4675?
5, 11, 17
What are the prime factors of 276?
2, 3, 23
List the prime factors of 10496.
2, 41
List the prime factors of 16114.
2, 7, 1151
What are the prime factors of 19912?
2, 19, 131
What are the prime factors of 5299?
7, 757
What are the prime factors of 165193?
7, 23599
List the prime factors of 25731.
3, 953
What are the prime factors of 11641?
7, 1663
List the prime factors of 3368.
2, 421
What are the prime factors of 1285?
5, 257
List the prime factors of 65635.
5, 13127
What are the prime factors of 899?
29, 31
What are the prime factors of 26601?
3, 8867
List the prime factors of 83304.
2, 3, 13, 89
What are the prime factors of 27076?
2, 7, 967
What are the prime factors of 24978?
2, 3, 23, 181
What are the prime factors of 1481?
1481
What are the prime factors of 2825?
5, 113
List the prime factors of 49134.
2, 3, 19, 431
What are the prime factors of 1007?
19, 53
List the prime factors of 1090.
2, 5, 109
What are the prime factors of 1715?
5, 7
What are the prime factors of 680?
2, 5, 17
List the prime factors of 1848.
2, 3, 7, 11
What are the prime factors of 1230?
2, 3, 5, 41
List the prime factors of 294.
2, 3, 7
List the prime factors of 4200.
2, 3, 5, 7
What are the prime factors of 911?
911
What are the prime factors of 3566?
2, 1783
What are the prime factors of 32848?
2, 2053
List the prime factors of 1302.
2, 3, 7, 31
List the prime factors of 755.
5, 151
What are the prime factors of 899?
29, 31
List the prime factors of 2533.
17, 149
What are the prime factors of 10295?
5, 29, 71
List the prime factors of 9476.
2, 23, 103
List the prime factors of 163257.
3, 54419
What are the prime factors of 2821?
7, 13, 31
List the prime factors of 99278.
2, 49639
List the prime factors of 4909.
4909
What are the prime factors of 1745?
5, 349
What are the prime factors of 1238?
2, 619
What are the prime factors of 27434?
2, 11, 29, 43
What are the prime factors of 8970?
2, 3, 5, 13, 23
List the prime factors of 4556.
2, 17, 67
List the prime factors of 14840.
2, 5, 7, 53
List the prime factors of 5019.
3, 7, 239
List the prime factors of 110716.
2, 89, 311
List the prime factors of 6547.
6547
What are the prime factors of 6060?
2, 3, 5, 101
List the prime factors of 1131.
3, 13, 29
What are the prime factors of 13882?
2, 11, 631
List the prime factors of 18678.
2, 3, 11, 283
What are the prime factors of 5456?
2, 11, 31
List the prime factors of 2065.
5, 7, 59
List the prime factors of 13209.
3, 7, 17, 37
What are the prime factors of 688?
2, 43
What are the prime factors of 45646?
2, 29, 787
What are the prime factors of 1166?
2, 11, 53
List the prime factors of 480.
2, 3, 5
List the prime factors of 3562.
2, 13, 137
List the prime factors of 10371.
3, 3457
List the prime factors of 75624.
2, 3, 23, 137
List the prime factors of 1060.
2, 5, 53
List the prime factors of 3428.
2, 857
What are the prime factors of 27380?
2, 5, 37
What are the prime factors of 611?
13, 47
List the prime factors of 4047.
3, 19, 71
What are the prime factors of 75640?
2, 5, 31, 61
List the prime factors of 623.
7, 89
List the prime factors of 56052.
2, 3, 173
List the prime factors of 85543.
131, 653
List the prime factors of 132920.
2, 5, 3323
List the prime factors of 2847.
3, 13, 73
What are the prime factors of 3557?
3557
List the prime factors of 1004.
2, 251
What are the prime factors of 5797?
11, 17, 31
List the prime factors of 47136.
2, 3, 491
List the prime factors of 10165.
5, 19, 107
What are the prime factors of 28189?
7, 4027
What are the prime factors of 1565?
5, 313
What are the prime factors of 12232?
2, 11, 139
What are the prime factors of 2432?
2, 19
List the prime factors of 32734.
2, 13, 1259
What are the prime factors of 24054?
2, 3, 19, 211
What are the prime factors of 153929?
153929
What are the prime factors of 550?
2, 5, 11
What are the prime factors of 4913?
17
List the prime factors of 520.
2, 5, 13
List the prime factors of 1541.
23, 67
List the prime factors of 951.
3, 317
List the prime factors of 1200.
2, 3, 5
What are the prime factors of 146670?
2, 3, 5, 4889
List the prime factors of 35830.
2, 5, 3583
List the prime factors of 8097.
3, 2699
What are the prime factors of 12675?
3, 5, 13
List the prime factors of 9466.
2, 4733
List the prime factors of 2026.
2, 1013
List the prime factors of 1233.
3, 137
List the prime factors of 1815.
3, 5, 11
List the prime factors of 18777.
3, 11, 569
What are the prime factors of 5024?
2, 157
List the prime factors of 68027.
59, 1153
List the prime factors of 13133.
23, 571
List the prime factors of 4358.
2, 2179
What are the prime factors of 4560?
2, 3, 5, 19
What are the prime factors of 432?
2, 3
List the prime factors of 8402.
2, 4201
What are the prime factors of 1658?
2, 829
What are the prime factors of 4783?
4783
What are the prime factors of 24467?
43, 569
What are the prime factors of 4525?
5, 181
List the prime factors of 6233.
23, 271
What are the prime factors of 16811?
16811
What are the prime factors of 17371?
29, 599
List the prime factors of 6639.
3, 2213
List the prime factors of 11069.
11069
What are the prime factors of 12901?
7, 19, 97
What are the prime factors of 5499?
3, 13, 47
What are the prime factors of 747?
3, 83
What are the prime factors of 9653?
7, 197
List the prime factors of 23988.
2, 3, 1999
What are the prime factors of 4304?
2, 269
List the prime factors of 545.
5, 109
List the prime factors of 133991.
11, 13, 937
What are the prime factors of 1798?
2, 29, 31
List the prime factors of 79840.
2, 5, 499
What are the prime factors of 125856?
2, 3, 19, 23
List the prime factors of 3160.
2, 5, 79
What are the prime factors of 1843?
19, 97
What are the prime factors of 2143?
2143
List the prime factors of 5039.
5039
What are the prime factors of 7317?
3, 271
What are the prime factors of 2667?
3, 7, 127
List the prime factors of 2204.
2, 19, 29
What are the prime factors of 20376?
2, 3, 283
List the prime factors of 42868.
2, 7, 1531
List the prime factors of 33217.
59, 563
List the prime factors of 2567.
17, 151
What are the prime factors of 13387?
11, 1217
What are the prime factors of 74189?
74189
List the prime factors of 9000.
2, 3, 5
What are the prime factors of 181?
181
What are the prime factors of 647?
647
List the prime factors of 156679.
156679
List the prime factors of 69